{"id":979,"date":"2018-08-29T15:23:45","date_gmt":"2018-08-29T18:23:45","guid":{"rendered":"https:\/\/isfdyt25-bue.infd.edu.ar\/sitio\/caminata-por-la-identidad-institucional\/"},"modified":"2022-04-21T17:38:52","modified_gmt":"2022-04-21T20:38:52","slug":"caminata-por-la-identidad-institucional","status":"publish","type":"page","link":"https:\/\/isfdyt25-bue.infd.edu.ar\/sitio\/caminata-por-la-identidad-institucional\/","title":{"rendered":"Caminata por la Identidad Institucional"},"content":{"rendered":"<h5><strong><span style=\"color: #808080;\">Actividades Institucionales:<\/span> Caminata por la Identidad Institucional<\/strong><\/h5>\n<hr \/>\n<h6><a href=\"https:\/\/isfdyt25-bue.infd.edu.ar\/sitio\/actividades-institucionales\/\">Volver<\/a> \u0399 <a href=\"https:\/\/isfdyt25-bue.infd.edu.ar\/sitio\/ciclo-lectivo-2022-4\/\">Ciclo Lectivo 2022<\/a> I <a href=\"https:\/\/isfdyt25-bue.infd.edu.ar\/sitio\/2da-feria-institucional-librosur\/\">Libro Sur 2da Edici\u00f3n<\/a> I <a href=\"https:\/\/www.diariolapalabra.com.ar\/noticia\/56643\/Marcharan-para-pedir-un-nuevo-edificio-para-el-Instituto-de-Formacion-Profesional\">Repercusi\u00f3n en los Medios<\/a><\/h6>\n<p style=\"text-align: justify;\"><span style=\"font-size: 12pt;\">En <strong>Abril de 2013<\/strong>, alrededor de 700 personas, entre Estudiantes, Docentes, Auxiliares y Comunidad Educativa del Instituto Superior de Formaci\u00f3n Docente y T\u00e9cnica N\u00ba 25 de Carmen de Patagones, realizaron\u00a0 una caminata para pedir la construcci\u00f3n del edificio propio. Fue una de las manifestaciones m\u00e1s numerosas de los \u00faltimos a\u00f1os en esta ciudad. Todo se desarroll\u00f3 con absoluta calma y con el s\u00f3lo fin de llamar la atenci\u00f3n de las autoridades.<\/span><\/p>\n<p style=\"text-align: justify;\"><span style=\"font-size: 12pt;\">Actualmente el instituto funciona en tres Sedes diferentes, pese a que ya colocaron dos veces la piedra fundamental.<\/span><\/p>\n<p style=\"text-align: justify;\"><span style=\"font-size: 12pt;\">La matr\u00edcula supera los 700 estudiantes, \u00e9stos actualmente deben cursar separados. En una vivienda de la calle Alsina 28 se ubican los alumnos de dos carreras, otras dos tienen lugar en la Escuela Primaria N\u00ba 2 y la restante en la Escuela Primaria N\u00ba 8.<\/span><\/p>\n<div id=\"metaslider-id-1260\" style=\"max-width: 1000px;\" class=\"ml-slider-3-33-0 metaslider metaslider-flex metaslider-1260 ml-slider ms-theme-default\" role=\"region\" aria-roledescription=\"Slideshow\" aria-label=\"Slideshow\">\n    <div id=\"metaslider_container_1260\">\n        <div id=\"metaslider_1260\" class=\"flexslider\">\n            <ul aria-live=\"polite\" class=\"slides\">\n                <li style=\"display: block; width: 100%;\" class=\"slide-1261 ms-image\" aria-roledescription=\"slide\" aria-label=\"slide-1261\"><img src=\"https:\/\/isfdyt25-bue.infd.edu.ar\/sitio\/wp-content\/uploads\/2021\/05\/2013-05-03-Caminata-1-800x400.jpg\" height=\"500\" width=\"1000\" alt=\"\" class=\"slider-1260 slide-1261\" title=\"2013-05-03 Caminata 1\" \/><\/li>\n                <li style=\"display: none; width: 100%;\" class=\"slide-1262 ms-image\" aria-roledescription=\"slide\" aria-label=\"slide-1262\"><img src=\"https:\/\/isfdyt25-bue.infd.edu.ar\/sitio\/wp-content\/uploads\/2021\/05\/2013-05-03-Caminata-2-800x400.jpg\" height=\"500\" width=\"1000\" alt=\"\" class=\"slider-1260 slide-1262\" title=\"2013-05-03 Caminata 2\" \/><\/li>\n                <li style=\"display: none; width: 100%;\" class=\"slide-1263 ms-image\" aria-roledescription=\"slide\" aria-label=\"slide-1263\"><img src=\"https:\/\/isfdyt25-bue.infd.edu.ar\/sitio\/wp-content\/uploads\/2021\/05\/2013-05-03-Caminata-3-800x400.jpg\" height=\"500\" width=\"1000\" alt=\"\" class=\"slider-1260 slide-1263\" title=\"2013-05-03 Caminata 3\" \/><\/li>\n                <li style=\"display: none; width: 100%;\" class=\"slide-1264 ms-image\" aria-roledescription=\"slide\" aria-label=\"slide-1264\"><img src=\"https:\/\/isfdyt25-bue.infd.edu.ar\/sitio\/wp-content\/uploads\/2021\/05\/2013-05-03-Caminata-4-800x400.jpg\" height=\"500\" width=\"1000\" alt=\"\" class=\"slider-1260 slide-1264\" title=\"2013-05-03 Caminata 4\" \/><\/li>\n                <li style=\"display: none; width: 100%;\" class=\"slide-1265 ms-image\" aria-roledescription=\"slide\" aria-label=\"slide-1265\"><img src=\"https:\/\/isfdyt25-bue.infd.edu.ar\/sitio\/wp-content\/uploads\/2021\/05\/2013-05-03-Caminata-5-800x400.jpg\" height=\"500\" width=\"1000\" alt=\"\" class=\"slider-1260 slide-1265\" title=\"2013-05-03 Caminata 5\" \/><\/li>\n                <li style=\"display: none; width: 100%;\" class=\"slide-1266 ms-image\" aria-roledescription=\"slide\" aria-label=\"slide-1266\"><img src=\"https:\/\/isfdyt25-bue.infd.edu.ar\/sitio\/wp-content\/uploads\/2021\/05\/2013-05-03-Caminata-6-800x400.jpg\" height=\"500\" width=\"1000\" alt=\"\" class=\"slider-1260 slide-1266\" title=\"2013-05-03 Caminata 6\" \/><\/li>\n                <li style=\"display: none; width: 100%;\" class=\"slide-1267 ms-image\" aria-roledescription=\"slide\" aria-label=\"slide-1267\"><img src=\"https:\/\/isfdyt25-bue.infd.edu.ar\/sitio\/wp-content\/uploads\/2021\/05\/2013-05-03-Caminata-7-800x400.jpg\" height=\"500\" width=\"1000\" alt=\"\" class=\"slider-1260 slide-1267\" title=\"2013-05-03 Caminata 7\" \/><\/li>\n                <li style=\"display: none; width: 100%;\" class=\"slide-1268 ms-image\" aria-roledescription=\"slide\" aria-label=\"slide-1268\"><img src=\"https:\/\/isfdyt25-bue.infd.edu.ar\/sitio\/wp-content\/uploads\/2021\/05\/2013-05-03-Caminata-8-800x400.jpg\" height=\"500\" width=\"1000\" alt=\"\" class=\"slider-1260 slide-1268\" title=\"2013-05-03 Caminata 8\" \/><\/li>\n                <li style=\"display: none; width: 100%;\" class=\"slide-1270 ms-image\" aria-roledescription=\"slide\" aria-label=\"slide-1270\"><img src=\"https:\/\/isfdyt25-bue.infd.edu.ar\/sitio\/wp-content\/uploads\/2021\/05\/2013-05-03-Caminata-9-800x400.jpg\" height=\"500\" width=\"1000\" alt=\"\" class=\"slider-1260 slide-1270\" title=\"2013-05-03 Caminata 9\" \/><\/li>\n                <li style=\"display: none; width: 100%;\" class=\"slide-1271 ms-image\" aria-roledescription=\"slide\" aria-label=\"slide-1271\"><img src=\"https:\/\/isfdyt25-bue.infd.edu.ar\/sitio\/wp-content\/uploads\/2021\/05\/2013-05-03-Caminata-10-800x400.jpg\" height=\"500\" width=\"1000\" alt=\"\" class=\"slider-1260 slide-1271\" title=\"2013-05-03 Caminata 10\" \/><\/li>\n            <\/ul>\n        <\/div>\n        \n    <\/div>\n<\/div>\n<p style=\"text-align: justify;\"><span style=\"font-size: 12pt;\">La movilizaci\u00f3n parti\u00f3 desde Comodoro Rivadavia y Olivera y culmin\u00f3 en un lote que fue designado para el nuevo edificio del Instituto, situado en Maestro Gonz\u00e1lez y Sarmiento, en Villa Manzini, donde ya colocaron la \u2018piedra fundamental\u2019 en dos oportunidades.<\/span><\/p>\n<p style=\"text-align: justify;\"><span style=\"font-size: 12pt;\">El establecimiento comenz\u00f3 a funcionar el 21 de abril de 1969 como filial del Instituto de Especializaci\u00f3n y Perfeccionamiento Docente de la ciudad de Bah\u00eda Blanca en sus ramas de Ense\u00f1anza Pre-escolar y Diferenciada.<\/span><\/p>\n<p style=\"text-align: justify;\"><span style=\"font-size: 12pt;\">En el a\u00f1o 1971 se transforma la filial en Instituto aut\u00f3nomo mediante Resoluci\u00f3n 525\/71 de fecha 22 de marzo, denomin\u00e1ndose Instituto Superior de Formaci\u00f3n Docente de Carmen de Patagones.<\/span><\/p>\n<p style=\"text-align: justify;\"><span style=\"font-size: 12pt;\">Es la \u00fanica Instituci\u00f3n de Nivel Superior de la regi\u00f3n, permite el acceso de los sectores populares de zonas alejadas de los grandes centros urbanos a la educaci\u00f3n terciaria.<\/span><\/p>\n<div class=\"volver\">\n<div id=\"volver\">\u00a0<\/div>\n<\/div>\n","protected":false},"excerpt":{"rendered":"<p>Actividades Institucionales: Caminata por la Identidad Institucional Volver \u0399 Ciclo Lectivo 2022 I Libro Sur 2da Edici\u00f3n I Repercusi\u00f3n en los Medios En Abril de 2013, alrededor de 700 personas, entre Estudiantes, Docentes, Auxiliares y Comunidad Educativa del Instituto Superior de Formaci\u00f3n Docente y T\u00e9cnica N\u00ba 25 de Carmen de Patagones, realizaron\u00a0 una caminata para &#8230; <a title=\"Caminata por la Identidad Institucional\" class=\"read-more\" href=\"https:\/\/isfdyt25-bue.infd.edu.ar\/sitio\/caminata-por-la-identidad-institucional\/\" aria-label=\"More on Caminata por la Identidad Institucional\">[+]<\/a><\/p>\n","protected":false},"author":234,"featured_media":0,"parent":0,"menu_order":0,"comment_status":"closed","ping_status":"closed","template":"","meta":[],"acf":[],"_links":{"self":[{"href":"https:\/\/isfdyt25-bue.infd.edu.ar\/sitio\/wp-json\/wp\/v2\/pages\/979"}],"collection":[{"href":"https:\/\/isfdyt25-bue.infd.edu.ar\/sitio\/wp-json\/wp\/v2\/pages"}],"about":[{"href":"https:\/\/isfdyt25-bue.infd.edu.ar\/sitio\/wp-json\/wp\/v2\/types\/page"}],"author":[{"embeddable":true,"href":"https:\/\/isfdyt25-bue.infd.edu.ar\/sitio\/wp-json\/wp\/v2\/users\/234"}],"replies":[{"embeddable":true,"href":"https:\/\/isfdyt25-bue.infd.edu.ar\/sitio\/wp-json\/wp\/v2\/comments?post=979"}],"version-history":[{"count":18,"href":"https:\/\/isfdyt25-bue.infd.edu.ar\/sitio\/wp-json\/wp\/v2\/pages\/979\/revisions"}],"predecessor-version":[{"id":3371,"href":"https:\/\/isfdyt25-bue.infd.edu.ar\/sitio\/wp-json\/wp\/v2\/pages\/979\/revisions\/3371"}],"wp:attachment":[{"href":"https:\/\/isfdyt25-bue.infd.edu.ar\/sitio\/wp-json\/wp\/v2\/media?parent=979"}],"curies":[{"name":"wp","href":"https:\/\/api.w.org\/{rel}","templated":true}]}}