{"id":3540,"date":"2022-05-31T16:46:13","date_gmt":"2022-05-31T19:46:13","guid":{"rendered":"https:\/\/isfdyt25-bue.infd.edu.ar\/sitio\/?page_id=3540"},"modified":"2022-05-31T22:24:00","modified_gmt":"2022-06-01T01:24:00","slug":"bp-conversatorio","status":"publish","type":"page","link":"https:\/\/isfdyt25-bue.infd.edu.ar\/sitio\/bp-conversatorio\/","title":{"rendered":"BP Conversatorio"},"content":{"rendered":"<h5><span style=\"color: #999999;\"><strong>Biblioteca<\/strong><\/span><strong>: Proyecto Integrado <br \/><\/strong><\/h5>\n<hr \/>\n<h6><a href=\"https:\/\/isfdyt25-bue.infd.edu.ar\/sitio\/biblioteca\/\">Volver<\/a> \u0399 <a href=\"https:\/\/isfdyt25-bue.infd.edu.ar\/aula\/index.cgi?id_curso=355\">Aula INFoD<\/a> I <a href=\"https:\/\/sites.google.com\/view\/isfdyt25-biblioteca\/p%C3%A1gina-principal\/planes-de-estudio?authuser=0\">Planes de Estudios<\/a> \u0399 <a href=\"https:\/\/sites.google.com\/view\/isfdyt25-biblioteca\/p%C3%A1gina-principal\/programas-de-asignaturas\">Programas de Asignaturas<\/a> I <a href=\"https:\/\/sites.google.com\/view\/isfdyt25-biblioteca\/p%C3%A1gina-principal\/dise%C3%B1os-curriculares?authuser=0\">Dise\u00f1os Curriculares<\/a> I<\/h6>\n<h4 class=\"h1 field field--name-field-titulo field--type-string field--label-hidden field__item\">\u201cBibliotecas Pedag\u00f3gicas\u201d<\/h4>\n<div class=\"field field--name-field-contenido field--type-entity-reference-revisions field--label-hidden field__items\">\n<div class=\"field__item\">\n<div class=\"paragraph paragraph--type--segundo-titulo-secundario paragraph--view-mode--default\">\n<p><strong>Para Institutos de Formaci\u00f3n Docente y Centros de Capacitaci\u00f3n, Informaci\u00f3n e Investigaci\u00f3n Educativa (CIIE).<\/strong><\/p>\n<\/div>\n<\/div>\n<div class=\"field__item\">\n<div class=\"paragraph paragraph--type--cuerpo-de-texto paragraph--view-mode--default\">\n<div class=\"clearfix text-formatted field field--name-field-cuerpo-de-texto field--type-text-long field--label-hidden field__item\">\n<p>El proyecto aborda diferentes ejes de la tarea: gesti\u00f3n de materiales y recursos en formatos papel y digital, estrategias de mediaci\u00f3n de lectura (conferencias, encuentros, talleres, ateneos, mesas de trabajo), articulaci\u00f3n con otra instituciones (ministerios y otros organismos gubernamentales y de investigaci\u00f3n, museos, editoriales universitarias, etc,), trabajo cooperativo en red con bibliotecas populares y comunitarias.<\/p>\n<\/div>\n<\/div>\n<\/div>\n<\/div>\n<div class=\"field field--name-field-contenido field--type-entity-reference-revisions field--label-hidden field__items\">\n<div class=\"field__item\">\n<div class=\"paragraph paragraph--type--cuerpo-de-texto paragraph--view-mode--default\">\n<div class=\"clearfix text-formatted field field--name-field-cuerpo-de-texto field--type-text-long field--label-hidden field__item\">\n<p><strong><a href=\"https:\/\/isfdyt25-bue.infd.edu.ar\/sitio\/bibliotecas-pedagogicas\/\">Objetivos<\/a>\u00a0 I <a href=\"https:\/\/isfdyt25-bue.infd.edu.ar\/sitio\/bp-equipo\/\">Equipo<\/a>\u00a0 I\u00a0 Conversatorio<\/strong><\/p>\n<\/div>\n<\/div>\n<\/div>\n<\/div>\n<div id=\"generate-section-2\" class=\"generate-sections-container\">\n<div class=\"grid-container grid-parent generate-sections-inside-container\">\n<div class=\"field field--name-field-contenido field--type-entity-reference-revisions field--label-hidden field__items\">\n<div class=\"field__item\">\n<div class=\"paragraph paragraph--type--cuerpo-de-texto paragraph--view-mode--default\">\n<div class=\"clearfix text-formatted field field--name-field-cuerpo-de-texto field--type-text-long field--label-hidden field__item\">\n<div dir=\"auto\"><strong>Las bibliotecas pedag\u00f3gicas en la trama institucional\u201d<\/strong><\/p>\n<div dir=\"auto\">Invitada: Beatriz Greco<\/div>\n<p><\/p>\n<div dir=\"auto\">\u00a0<\/div>\n<p><iframe loading=\"lazy\" title=\"YouTube video player\" src=\"https:\/\/www.youtube.com\/embed\/9OenEofuDwY\" width=\"560\" height=\"315\" frameborder=\"0\" allowfullscreen=\"allowfullscreen\"><\/iframe><\/p>\n<div dir=\"auto\">\u00a0<\/div>\n<p><\/p>\n<div dir=\"auto\">24 de noviembre de 2021<\/div>\n<p><\/p>\n<div dir=\"auto\"><strong>\u201cLas Bibliotecas Pedag\u00f3gicas Digitales en la escena de la formaci\u00f3n docente\u201d<\/strong><\/div>\n<p><\/p>\n<div dir=\"auto\">Invitada: Beatriz Busaniche<\/div>\n<p><\/p>\n<div dir=\"auto\">\u00a0<\/div>\n<p><iframe loading=\"lazy\" title=\"YouTube video player\" src=\"https:\/\/www.youtube.com\/embed\/eidLKNccHRY\" width=\"560\" height=\"315\" frameborder=\"0\" allowfullscreen=\"allowfullscreen\"><\/iframe><\/p>\n<div dir=\"auto\">\u00a0<\/div>\n<p><\/p>\n<div dir=\"auto\">3 de diciembre de 2021<\/div>\n<p><\/p>\n<div dir=\"auto\"><strong>\u201cLas huellas de Mar\u00eda Elena Walsh en nuestras vidas\u201d<\/strong><\/div>\n<p><\/p>\n<div dir=\"auto\">Disertantes: Rodrigo Ures y Virginia Lago<\/div>\n<p><\/p>\n<div dir=\"auto\">\u00a0<\/div>\n<p><iframe loading=\"lazy\" title=\"YouTube video player\" src=\"https:\/\/www.youtube.com\/embed\/AbppbmWbXdQ\" width=\"560\" height=\"315\" frameborder=\"0\" allowfullscreen=\"allowfullscreen\"><\/iframe><\/p>\n<div dir=\"auto\">\u00a0<\/div>\n<p><\/p>\n<div dir=\"auto\">10 de diciembre de 2021<\/div>\n<p><\/p>\n<div dir=\"auto\"><strong>\u201cDocentes, bibliotecarios y bibliotecarias como lectoras y lectores\u201d<\/strong><\/div>\n<p><\/p>\n<div dir=\"auto\">Invitada: Iris Rivera<\/div>\n<p><\/p>\n<div dir=\"auto\">\u00a0<\/div>\n<p><iframe loading=\"lazy\" title=\"YouTube video player\" src=\"https:\/\/www.youtube.com\/embed\/7noe5VRDlEE\" width=\"560\" height=\"315\" frameborder=\"0\" allowfullscreen=\"allowfullscreen\"><\/iframe><\/div>\n<p><\/p>\n<p>\u00a0<\/p>\n<\/div>\n<\/div>\n<\/div>\n<\/div>\n<\/div>\n<\/div>\n","protected":false},"excerpt":{"rendered":"<p>Biblioteca: Proyecto Integrado Volver \u0399 Aula INFoD I Planes de Estudios \u0399 Programas de Asignaturas I Dise\u00f1os Curriculares I \u201cBibliotecas Pedag\u00f3gicas\u201d Para Institutos de Formaci\u00f3n Docente y Centros de Capacitaci\u00f3n, Informaci\u00f3n e Investigaci\u00f3n Educativa (CIIE). El proyecto aborda diferentes ejes de la tarea: gesti\u00f3n de materiales y recursos en formatos papel y digital, estrategias de &#8230; <a title=\"BP Conversatorio\" class=\"read-more\" href=\"https:\/\/isfdyt25-bue.infd.edu.ar\/sitio\/bp-conversatorio\/\" aria-label=\"More on BP Conversatorio\">[+]<\/a><\/p>\n","protected":false},"author":2055,"featured_media":0,"parent":0,"menu_order":0,"comment_status":"closed","ping_status":"closed","template":"","meta":[],"acf":[],"_links":{"self":[{"href":"https:\/\/isfdyt25-bue.infd.edu.ar\/sitio\/wp-json\/wp\/v2\/pages\/3540"}],"collection":[{"href":"https:\/\/isfdyt25-bue.infd.edu.ar\/sitio\/wp-json\/wp\/v2\/pages"}],"about":[{"href":"https:\/\/isfdyt25-bue.infd.edu.ar\/sitio\/wp-json\/wp\/v2\/types\/page"}],"author":[{"embeddable":true,"href":"https:\/\/isfdyt25-bue.infd.edu.ar\/sitio\/wp-json\/wp\/v2\/users\/2055"}],"replies":[{"embeddable":true,"href":"https:\/\/isfdyt25-bue.infd.edu.ar\/sitio\/wp-json\/wp\/v2\/comments?post=3540"}],"version-history":[{"count":66,"href":"https:\/\/isfdyt25-bue.infd.edu.ar\/sitio\/wp-json\/wp\/v2\/pages\/3540\/revisions"}],"predecessor-version":[{"id":3653,"href":"https:\/\/isfdyt25-bue.infd.edu.ar\/sitio\/wp-json\/wp\/v2\/pages\/3540\/revisions\/3653"}],"wp:attachment":[{"href":"https:\/\/isfdyt25-bue.infd.edu.ar\/sitio\/wp-json\/wp\/v2\/media?parent=3540"}],"curies":[{"name":"wp","href":"https:\/\/api.w.org\/{rel}","templated":true}]}}

<h5><span style="color: #999999;"><strong>Biblioteca</strong></span><strong>: Proyecto Integrado <br /></strong></h5>
<hr />
<h6><a href="https://isfdyt25-bue.infd.edu.ar/sitio/biblioteca/">Volver</a> Ι <a href="https://isfdyt25-bue.infd.edu.ar/aula/index.cgi?id_curso=355">Aula INFoD</a> I <a href="https://sites.google.com/view/isfdyt25-biblioteca/p%C3%A1gina-principal/planes-de-estudio?authuser=0">Planes de Estudios</a> Ι <a href="https://sites.google.com/view/isfdyt25-biblioteca/p%C3%A1gina-principal/programas-de-asignaturas">Programas de Asignaturas</a> I <a href="https://sites.google.com/view/isfdyt25-biblioteca/p%C3%A1gina-principal/dise%C3%B1os-curriculares?authuser=0">Diseños Curriculares</a> I</h6>
<h4 class="h1 field field--name-field-titulo field--type-string field--label-hidden field__item">“Bibliotecas Pedagógicas”</h4>
<div class="field field--name-field-contenido field--type-entity-reference-revisions field--label-hidden field__items">
<div class="field__item">
<div class="paragraph paragraph--type--segundo-titulo-secundario paragraph--view-mode--default">
<p><strong>Para Institutos de Formación Docente y Centros de Capacitación, Información e Investigación Educativa (CIIE).</strong></p>
</div>
</div>
<div class="field__item">
<div class="paragraph paragraph--type--cuerpo-de-texto paragraph--view-mode--default">
<div class="clearfix text-formatted field field--name-field-cuerpo-de-texto field--type-text-long field--label-hidden field__item">
<p>El proyecto aborda diferentes ejes de la tarea: gestión de materiales y recursos en formatos papel y digital, estrategias de mediación de lectura (conferencias, encuentros, talleres, ateneos, mesas de trabajo), articulación con otra instituciones (ministerios y otros organismos gubernamentales y de investigación, museos, editoriales universitarias, etc,), trabajo cooperativo en red con bibliotecas populares y comunitarias.</p>
</div>
</div>
</div>
</div>
<div class="field field--name-field-contenido field--type-entity-reference-revisions field--label-hidden field__items">
<div class="field__item">
<div class="paragraph paragraph--type--cuerpo-de-texto paragraph--view-mode--default">
<div class="clearfix text-formatted field field--name-field-cuerpo-de-texto field--type-text-long field--label-hidden field__item">
<p><strong><a href="https://isfdyt25-bue.infd.edu.ar/sitio/bibliotecas-pedagogicas/">Objetivos</a>  I <a href="https://isfdyt25-bue.infd.edu.ar/sitio/bp-equipo/">Equipo</a>  I  Conversatorio</strong></p>
</div>
</div>
</div>
</div>
<div id="generate-section-2" class="generate-sections-container">
<div class="grid-container grid-parent generate-sections-inside-container">
<div class="field field--name-field-contenido field--type-entity-reference-revisions field--label-hidden field__items">
<div class="field__item">
<div class="paragraph paragraph--type--cuerpo-de-texto paragraph--view-mode--default">
<div class="clearfix text-formatted field field--name-field-cuerpo-de-texto field--type-text-long field--label-hidden field__item">
<div dir="auto"><strong>Las bibliotecas pedagógicas en la trama institucional”</strong></p>
<div dir="auto">Invitada: Beatriz Greco</div>
<p></p>
<div dir="auto"> </div>
<p><iframe loading="lazy" title="YouTube video player" src="https://www.youtube.com/embed/9OenEofuDwY" width="560" height="315" frameborder="0" allowfullscreen="allowfullscreen"></iframe></p>
<div dir="auto"> </div>
<p></p>
<div dir="auto">24 de noviembre de 2021</div>
<p></p>
<div dir="auto"><strong>“Las Bibliotecas Pedagógicas Digitales en la escena de la formación docente”</strong></div>
<p></p>
<div dir="auto">Invitada: Beatriz Busaniche</div>
<p></p>
<div dir="auto"> </div>
<p><iframe loading="lazy" title="YouTube video player" src="https://www.youtube.com/embed/eidLKNccHRY" width="560" height="315" frameborder="0" allowfullscreen="allowfullscreen"></iframe></p>
<div dir="auto"> </div>
<p></p>
<div dir="auto">3 de diciembre de 2021</div>
<p></p>
<div dir="auto"><strong>“Las huellas de María Elena Walsh en nuestras vidas”</strong></div>
<p></p>
<div dir="auto">Disertantes: Rodrigo Ures y Virginia Lago</div>
<p></p>
<div dir="auto"> </div>
<p><iframe loading="lazy" title="YouTube video player" src="https://www.youtube.com/embed/AbppbmWbXdQ" width="560" height="315" frameborder="0" allowfullscreen="allowfullscreen"></iframe></p>
<div dir="auto"> </div>
<p></p>
<div dir="auto">10 de diciembre de 2021</div>
<p></p>
<div dir="auto"><strong>“Docentes, bibliotecarios y bibliotecarias como lectoras y lectores”</strong></div>
<p></p>
<div dir="auto">Invitada: Iris Rivera</div>
<p></p>
<div dir="auto"> </div>
<p><iframe loading="lazy" title="YouTube video player" src="https://www.youtube.com/embed/7noe5VRDlEE" width="560" height="315" frameborder="0" allowfullscreen="allowfullscreen"></iframe></div>
<p></p>
<p> </p>
</div>
</div>
</div>
</div>
</div>
</div>

<p>Biblioteca: Proyecto Integrado Volver Ι Aula INFoD I Planes de Estudios Ι Programas de Asignaturas I Diseños Curriculares I “Bibliotecas Pedagógicas” Para Institutos de Formación Docente y Centros de Capacitación, Información e Investigación Educativa (CIIE). El proyecto aborda diferentes ejes de la tarea: gestión de materiales y recursos en formatos papel y digital, estrategias de &#8230; <a title="BP Conversatorio" class="read-more" href="https://isfdyt25-bue.infd.edu.ar/sitio/bp-conversatorio/" aria-label="More on BP Conversatorio">[+]</a></p>
