{"id":2092,"date":"2022-03-25T17:00:00","date_gmt":"2022-03-25T20:00:00","guid":{"rendered":"https:\/\/isfdyt25-bue.infd.edu.ar\/sitio\/?page_id=2092"},"modified":"2022-06-05T11:27:47","modified_gmt":"2022-06-05T14:27:47","slug":"ciclo-lectivo-2022-4","status":"publish","type":"page","link":"https:\/\/isfdyt25-bue.infd.edu.ar\/sitio\/ciclo-lectivo-2022-4\/","title":{"rendered":"Ciclo Lectivo 2022"},"content":{"rendered":"<h5><strong><span style=\"color: #808080;\">Actividades Institucionales:<\/span> Ciclo Lectivo 2022<\/strong><\/h5>\n<hr \/>\n<h6><a href=\"https:\/\/isfdyt25-bue.infd.edu.ar\/sitio\/actividades-institucionales\/\">Volver<\/a> \u0399 <a href=\"https:\/\/isfdyt25-bue.infd.edu.ar\/sitio\/ciclos-lectivos-anteriores\/\">Ciclos Lectivos Anteriores<\/a><\/h6>\n<p>Actividades Institucionales destacadas que se realizaron durante el presente a\u00f1o:<\/p>\n<p><strong>Junio:<\/strong><\/p>\n<p>Estudiantes de la carrera de <strong>Trabajo Social<\/strong> organizaron una colecta de indumentaria de invierno. El material recolectado ser\u00e1 donado a las familias de bajos recursos de nuestra comunidad durante el transcurso del invierno con el fin de apaciguar m\u00ednimamente los efectos del fr\u00edo especialmente en ni\u00f1as\/os y ancianas\/os.<\/p>\n<div id='gallery-1' class='gallery galleryid-2092 gallery-columns-3 gallery-size-thumbnail'><figure class='gallery-item'>\n\t\t\t<div class='gallery-icon portrait'>\n\t\t\t\t<a href='https:\/\/isfdyt25-bue.infd.edu.ar\/sitio\/ciclo-lectivo-2022-4\/whatsapp-image-2022-06-02-at-8-24-11-pm\/#main'><img width=\"500\" height=\"500\" src=\"https:\/\/isfdyt25-bue.infd.edu.ar\/sitio\/wp-content\/uploads\/2022\/06\/WhatsApp-Image-2022-06-02-at-8.24.11-PM-500x500.jpeg\" class=\"attachment-thumbnail size-thumbnail\" alt=\"\" decoding=\"async\" loading=\"lazy\" \/><\/a>\n\t\t\t<\/div><\/figure><figure class='gallery-item'>\n\t\t\t<div class='gallery-icon portrait'>\n\t\t\t\t<a href='https:\/\/isfdyt25-bue.infd.edu.ar\/sitio\/ciclo-lectivo-2022-4\/whatsapp-image-2022-06-02-at-8-23-34-pm\/#main'><img width=\"500\" height=\"500\" src=\"https:\/\/isfdyt25-bue.infd.edu.ar\/sitio\/wp-content\/uploads\/2022\/06\/WhatsApp-Image-2022-06-02-at-8.23.34-PM-500x500.jpeg\" class=\"attachment-thumbnail size-thumbnail\" alt=\"\" decoding=\"async\" loading=\"lazy\" \/><\/a>\n\t\t\t<\/div><\/figure><figure class='gallery-item'>\n\t\t\t<div class='gallery-icon landscape'>\n\t\t\t\t<a href='https:\/\/isfdyt25-bue.infd.edu.ar\/sitio\/ciclo-lectivo-2022-4\/whatsapp-image-2022-06-02-at-8-23-33-pm\/#main'><img width=\"500\" height=\"500\" src=\"https:\/\/isfdyt25-bue.infd.edu.ar\/sitio\/wp-content\/uploads\/2022\/06\/WhatsApp-Image-2022-06-02-at-8.23.33-PM-500x500.jpeg\" class=\"attachment-thumbnail size-thumbnail\" alt=\"\" decoding=\"async\" loading=\"lazy\" \/><\/a>\n\t\t\t<\/div><\/figure>\n\t\t<\/div>\n\n<p><strong>Mayo:<\/strong><\/p>\n<p>Jornada de Concientizaci\u00f3n para la <strong>Prevenci\u00f3n de la Violencia de G\u00e9nero<\/strong>. Esta actividad fue organizada por estudiantes de 4to A\u00f1o de la carrera Trabajo Social, c\u00e1tedra Pr\u00e1ctica Profesional IV a cargo de la prof. Lorena Calvo<\/p>\n<div id='gallery-2' class='gallery galleryid-2092 gallery-columns-3 gallery-size-thumbnail'><figure class='gallery-item'>\n\t\t\t<div class='gallery-icon landscape'>\n\t\t\t\t<a href='https:\/\/isfdyt25-bue.infd.edu.ar\/sitio\/ciclo-lectivo-2022-4\/whatsapp-image-2022-06-02-at-8-22-43-pm\/#main'><img width=\"500\" height=\"500\" src=\"https:\/\/isfdyt25-bue.infd.edu.ar\/sitio\/wp-content\/uploads\/2022\/06\/WhatsApp-Image-2022-06-02-at-8.22.43-PM-500x500.jpeg\" class=\"attachment-thumbnail size-thumbnail\" alt=\"\" decoding=\"async\" loading=\"lazy\" \/><\/a>\n\t\t\t<\/div><\/figure><figure class='gallery-item'>\n\t\t\t<div class='gallery-icon landscape'>\n\t\t\t\t<a href='https:\/\/isfdyt25-bue.infd.edu.ar\/sitio\/ciclo-lectivo-2022-4\/whatsapp-image-2022-06-02-at-8-22-45-pm-2\/#main'><img width=\"500\" height=\"500\" src=\"https:\/\/isfdyt25-bue.infd.edu.ar\/sitio\/wp-content\/uploads\/2022\/06\/WhatsApp-Image-2022-06-02-at-8.22.45-PM-1-500x500.jpeg\" class=\"attachment-thumbnail size-thumbnail\" alt=\"\" decoding=\"async\" loading=\"lazy\" \/><\/a>\n\t\t\t<\/div><\/figure><figure class='gallery-item'>\n\t\t\t<div class='gallery-icon portrait'>\n\t\t\t\t<a href='https:\/\/isfdyt25-bue.infd.edu.ar\/sitio\/ciclo-lectivo-2022-4\/whatsapp-image-2022-06-02-at-8-22-44-pm\/#main'><img width=\"500\" height=\"500\" src=\"https:\/\/isfdyt25-bue.infd.edu.ar\/sitio\/wp-content\/uploads\/2022\/06\/WhatsApp-Image-2022-06-02-at-8.22.44-PM-500x500.jpeg\" class=\"attachment-thumbnail size-thumbnail\" alt=\"\" decoding=\"async\" loading=\"lazy\" \/><\/a>\n\t\t\t<\/div><\/figure>\n\t\t<\/div>\n\n<p>&nbsp;<\/p>\n<p><strong>8 de Marzo:<\/strong><\/p>\n<p>En el marco del <strong>Paro Internacional de Mujeres<\/strong>, un grupo de profesoras, preceptoras y personal auxiliar organizaron una peque\u00f1a jornada de reflexi\u00f3n con algunas\/os Estudiantes presentes. En una instituci\u00f3n habitada mayoritariamente por mujeres, se hace imprescindible crear estos espacios de dialogo y reflexi\u00f3n que tambi\u00e9n son pilares de la formaci\u00f3n docente o t\u00e9cnica.<\/p>\n<div id='gallery-3' class='gallery galleryid-2092 gallery-columns-3 gallery-size-thumbnail'><figure class='gallery-item'>\n\t\t\t<div class='gallery-icon landscape'>\n\t\t\t\t<a href='https:\/\/isfdyt25-bue.infd.edu.ar\/sitio\/ciclo-lectivo-2022-4\/dia-de-la-mujer-1\/#main'><img width=\"500\" height=\"500\" src=\"https:\/\/isfdyt25-bue.infd.edu.ar\/sitio\/wp-content\/uploads\/2022\/03\/Dia-de-la-Mujer-1-500x500.jpg\" class=\"attachment-thumbnail size-thumbnail\" alt=\"\" decoding=\"async\" loading=\"lazy\" \/><\/a>\n\t\t\t<\/div><\/figure><figure class='gallery-item'>\n\t\t\t<div class='gallery-icon landscape'>\n\t\t\t\t<a href='https:\/\/isfdyt25-bue.infd.edu.ar\/sitio\/ciclo-lectivo-2022-4\/dia-de-la-mujer-2\/#main'><img width=\"500\" height=\"500\" src=\"https:\/\/isfdyt25-bue.infd.edu.ar\/sitio\/wp-content\/uploads\/2022\/03\/Dia-de-la-Mujer-2-500x500.jpg\" class=\"attachment-thumbnail size-thumbnail\" alt=\"\" decoding=\"async\" loading=\"lazy\" \/><\/a>\n\t\t\t<\/div><\/figure><figure class='gallery-item'>\n\t\t\t<div class='gallery-icon landscape'>\n\t\t\t\t<a href='https:\/\/isfdyt25-bue.infd.edu.ar\/sitio\/ciclo-lectivo-2022-4\/dia-de-la-mujer-3\/#main'><img width=\"500\" height=\"500\" src=\"https:\/\/isfdyt25-bue.infd.edu.ar\/sitio\/wp-content\/uploads\/2022\/03\/Dia-de-la-Mujer-3-500x500.jpg\" class=\"attachment-thumbnail size-thumbnail\" alt=\"\" decoding=\"async\" loading=\"lazy\" \/><\/a>\n\t\t\t<\/div><\/figure>\n\t\t<\/div>\n\n","protected":false},"excerpt":{"rendered":"<p>Actividades Institucionales: Ciclo Lectivo 2022 Volver \u0399 Ciclos Lectivos Anteriores Actividades Institucionales destacadas que se realizaron durante el presente a\u00f1o: Junio: Estudiantes de la carrera de Trabajo Social organizaron una colecta de indumentaria de invierno. El material recolectado ser\u00e1 donado a las familias de bajos recursos de nuestra comunidad durante el transcurso del invierno con &#8230; <a title=\"Ciclo Lectivo 2022\" class=\"read-more\" href=\"https:\/\/isfdyt25-bue.infd.edu.ar\/sitio\/ciclo-lectivo-2022-4\/\" aria-label=\"More on Ciclo Lectivo 2022\">[+]<\/a><\/p>\n","protected":false},"author":2055,"featured_media":0,"parent":0,"menu_order":0,"comment_status":"closed","ping_status":"closed","template":"","meta":[],"acf":[],"_links":{"self":[{"href":"https:\/\/isfdyt25-bue.infd.edu.ar\/sitio\/wp-json\/wp\/v2\/pages\/2092"}],"collection":[{"href":"https:\/\/isfdyt25-bue.infd.edu.ar\/sitio\/wp-json\/wp\/v2\/pages"}],"about":[{"href":"https:\/\/isfdyt25-bue.infd.edu.ar\/sitio\/wp-json\/wp\/v2\/types\/page"}],"author":[{"embeddable":true,"href":"https:\/\/isfdyt25-bue.infd.edu.ar\/sitio\/wp-json\/wp\/v2\/users\/2055"}],"replies":[{"embeddable":true,"href":"https:\/\/isfdyt25-bue.infd.edu.ar\/sitio\/wp-json\/wp\/v2\/comments?post=2092"}],"version-history":[{"count":33,"href":"https:\/\/isfdyt25-bue.infd.edu.ar\/sitio\/wp-json\/wp\/v2\/pages\/2092\/revisions"}],"predecessor-version":[{"id":3744,"href":"https:\/\/isfdyt25-bue.infd.edu.ar\/sitio\/wp-json\/wp\/v2\/pages\/2092\/revisions\/3744"}],"wp:attachment":[{"href":"https:\/\/isfdyt25-bue.infd.edu.ar\/sitio\/wp-json\/wp\/v2\/media?parent=2092"}],"curies":[{"name":"wp","href":"https:\/\/api.w.org\/{rel}","templated":true}]}}