{"id":1284,"date":"2021-07-01T21:43:20","date_gmt":"2021-07-02T00:43:20","guid":{"rendered":"https:\/\/isfdyt25-bue.infd.edu.ar\/sitio\/?page_id=1284"},"modified":"2022-04-21T17:59:13","modified_gmt":"2022-04-21T20:59:13","slug":"coordinacion","status":"publish","type":"page","link":"https:\/\/isfdyt25-bue.infd.edu.ar\/sitio\/coordinacion\/","title":{"rendered":"Coordinaci\u00f3n"},"content":{"rendered":"<h5><strong><span style=\"color: #808080;\">CIPEs:<\/span>\u00a0 Coordinaci\u00f3n<\/strong><\/h5>\n<hr \/>\n<h6><a href=\"https:\/\/isfdyt25-bue.infd.edu.ar\/sitio\/cipe\/\">Volver<\/a>\u00a0 \u0399\u00a0<a href=\"https:\/\/isfdyt25-bue.infd.edu.ar\/sitio\/%f0%9f%93%9abecas-progresar\/\">Becas Progresar<\/a> I <a href=\"https:\/\/isfdyt25-bue.infd.edu.ar\/sitio\/actividades-destacadas\/\">Actividades<\/a>\u00a0\u0399<\/h6>\n<div id=\"metaslider-id-1777\" style=\"max-width: 600px;\" class=\"ml-slider-3-33-0 metaslider metaslider-flex metaslider-1777 ml-slider ms-theme-default\" role=\"region\" aria-roledescription=\"Slideshow\" aria-label=\"Slideshow\">\n    <div id=\"metaslider_container_1777\">\n        <div id=\"metaslider_1777\" class=\"flexslider\">\n            <ul aria-live=\"polite\" class=\"slides\">\n                <li style=\"display: block; width: 100%;\" class=\"slide-1779 ms-image\" aria-roledescription=\"slide\" aria-label=\"slide-1779\"><a href=\"https:\/\/www.facebook.com\/CIPEs-ISFDyT-N-25-109162484820583\" target=\"_self\"><img src=\"https:\/\/isfdyt25-bue.infd.edu.ar\/sitio\/wp-content\/uploads\/2021\/11\/Facebook-CIPEs-600x150.jpg\" height=\"150\" width=\"600\" alt=\"\" class=\"slider-1777 slide-1779\" title=\"Facebook CIPEs\" \/><\/a><\/li>\n                <li style=\"display: none; width: 100%;\" class=\"slide-1781 ms-image\" aria-roledescription=\"slide\" aria-label=\"slide-1781\"><a href=\"https:\/\/mail.google.com\/mail\/u\/0\/?ogbl\" target=\"_self\"><img src=\"https:\/\/isfdyt25-bue.infd.edu.ar\/sitio\/wp-content\/uploads\/2021\/11\/Gmail-CIPEs-600x150.jpg\" height=\"150\" width=\"600\" alt=\"\" class=\"slider-1777 slide-1781\" title=\"Gmail CIPEs\" \/><\/a><\/li>\n            <\/ul>\n        <\/div>\n        \n    <\/div>\n<\/div>\n<p>En mayo de 2021, la Direcci\u00f3n de Educaci\u00f3n Superior lanz\u00f3 la convocatoria para la cobertura del cargo <strong>CIPEs<\/strong> del ISFDyT N\u00ba 25. Entre todos los postulantes result\u00f3 elegida la prof. <strong>Mar\u00eda Carolina Beilinson <\/strong>qui\u00e9n inici\u00f3 su desempe\u00f1o efectivo desde julio de 2021.<\/p>\n<p>Compartimos algunas l\u00edneas de trabajo que la profesora present\u00f3 en su Plan de Acci\u00f3n. Las m\u00e1s destacadas son las siguientes:<\/p>\n<ul>\n<li>Desarrollar proyectos\u00a0\u00a0de construcci\u00f3n colectiva\u00a0\u00a0con estudiantes, docentes y directivos que promuevan el acompa\u00f1amiento a las trayectorias educativas.\n<ul>\n<li>Promover acciones orientadas al mejoramiento acad\u00e9mico seg\u00fan diagn\u00f3stico institucional;<\/li>\n<li>Generar espacios de intercambio, discusi\u00f3n y\u00a0\u00a0construcci\u00f3n de los documentos normativos que atraviesan las trayectorias de los estudiantes;<\/li>\n<li>Promover y participar de instancias destinadas a favorecer la inclusi\u00f3n de los ingresantes en la vida institucional ;<\/li>\n<li>Establecer procesos de comunicaci\u00f3n con los diversos actores institucionales , priorizando a los estudiantes;<\/li>\n<li>Difundir y acompa\u00f1ar en cuanto a la gesti\u00f3n de los Est\u00edmulos Econ\u00f3micos (BECAS);<\/li>\n<li>Articular y promover en la instituci\u00f3n l\u00edneas de acci\u00f3n nacionales y jurisdiccionales<\/li>\n<\/ul>\n<\/li>\n<li>Acompa\u00f1ar y favorecer el desarrollo de espacios y canales de organizaci\u00f3n\u00a0\u00a0y participaci\u00f3n\u00a0\u00a0estudiantil,\u00a0\u00a0promoviendo que los estudiantes se involucren en la gesti\u00f3n democr\u00e1tica del instituto (Centro de Estudiantes, Consejo Acad\u00e9mico Institucional)\n<ul>\n<li>Desarrollar proyectos que fortalezcan y enriquezcan el capital cultural y social de los estudiantes;<\/li>\n<li>Generar \u00e1mbitos de trabajo intra e inter institucionales.<\/li>\n<\/ul>\n<\/li>\n<\/ul>\n","protected":false},"excerpt":{"rendered":"<p>CIPEs:\u00a0 Coordinaci\u00f3n Volver\u00a0 \u0399\u00a0Becas Progresar I Actividades\u00a0\u0399 En mayo de 2021, la Direcci\u00f3n de Educaci\u00f3n Superior lanz\u00f3 la convocatoria para la cobertura del cargo CIPEs del ISFDyT N\u00ba 25. Entre todos los postulantes result\u00f3 elegida la prof. Mar\u00eda Carolina Beilinson qui\u00e9n inici\u00f3 su desempe\u00f1o efectivo desde julio de 2021. Compartimos algunas l\u00edneas de trabajo que &#8230; <a title=\"Coordinaci\u00f3n\" class=\"read-more\" href=\"https:\/\/isfdyt25-bue.infd.edu.ar\/sitio\/coordinacion\/\" aria-label=\"More on Coordinaci\u00f3n\">[+]<\/a><\/p>\n","protected":false},"author":2055,"featured_media":0,"parent":0,"menu_order":0,"comment_status":"closed","ping_status":"closed","template":"","meta":[],"acf":[],"_links":{"self":[{"href":"https:\/\/isfdyt25-bue.infd.edu.ar\/sitio\/wp-json\/wp\/v2\/pages\/1284"}],"collection":[{"href":"https:\/\/isfdyt25-bue.infd.edu.ar\/sitio\/wp-json\/wp\/v2\/pages"}],"about":[{"href":"https:\/\/isfdyt25-bue.infd.edu.ar\/sitio\/wp-json\/wp\/v2\/types\/page"}],"author":[{"embeddable":true,"href":"https:\/\/isfdyt25-bue.infd.edu.ar\/sitio\/wp-json\/wp\/v2\/users\/2055"}],"replies":[{"embeddable":true,"href":"https:\/\/isfdyt25-bue.infd.edu.ar\/sitio\/wp-json\/wp\/v2\/comments?post=1284"}],"version-history":[{"count":35,"href":"https:\/\/isfdyt25-bue.infd.edu.ar\/sitio\/wp-json\/wp\/v2\/pages\/1284\/revisions"}],"predecessor-version":[{"id":3405,"href":"https:\/\/isfdyt25-bue.infd.edu.ar\/sitio\/wp-json\/wp\/v2\/pages\/1284\/revisions\/3405"}],"wp:attachment":[{"href":"https:\/\/isfdyt25-bue.infd.edu.ar\/sitio\/wp-json\/wp\/v2\/media?parent=1284"}],"curies":[{"name":"wp","href":"https:\/\/api.w.org\/{rel}","templated":true}]}}