{"id":1171,"date":"2021-05-10T14:01:04","date_gmt":"2021-05-10T17:01:04","guid":{"rendered":"https:\/\/isfdyt25-bue.infd.edu.ar\/sitio\/?page_id=1171"},"modified":"2026-04-08T09:37:25","modified_gmt":"2026-04-08T12:37:25","slug":"consejo-academico-institucional","status":"publish","type":"page","link":"https:\/\/isfdyt25-bue.infd.edu.ar\/sitio\/consejo-academico-institucional\/","title":{"rendered":"Consejo Acad\u00e9mico"},"content":{"rendered":"<h5><strong><span style=\"color: #808080;\">EL INSTITUTO:<\/span> Consejo Acad\u00e9mico Institucional<\/strong><\/h5>\n<hr \/>\n<h6><a href=\"https:\/\/isfdyt25-bue.infd.edu.ar\/sitio\/principal\/\">Volver<\/a> \u0399 <a href=\"https:\/\/isfdyt25-bue.infd.edu.ar\/sitio\/autoridades-3\/\">Integrantes<\/a> \u0399 <a href=\"https:\/\/isfdyt25-bue.infd.edu.ar\/sitio\/convocatorias\/\">Convocatoria a Pruebas de Selecci\u00f3n de Cargos<\/a> I<\/h6>\n<p>El <strong>C. A. I.<\/strong> o\u00a0<strong>Consejo Acad\u00e9mico Institucional<\/strong>\u00a0es un <strong>\u00f3rgano colegiado ad honorem<\/strong> de asesoramiento, propuesta, debate y decisi\u00f3n con la finalidad de garantizar los principios que garantizan una gesti\u00f3n democr\u00e1tica. Es un espacio de reflexi\u00f3n y decisi\u00f3n de gesti\u00f3n participativa que tiene como prop\u00f3sito elevar\u00a0 la calidad educativa. \u00a0La elaboraci\u00f3n y evaluaci\u00f3n permanente del Proyecto Pol\u00edtico Pedag\u00f3gico de la Instituci\u00f3n, en sus dimensiones:<\/p>\n<p>\u25cf\u00a0\u00a0\u00a0\u00a0\u00a0<strong>\u00a0Organizacional<\/strong><\/p>\n<p>\u25cf\u00a0\u00a0\u00a0\u00a0\u00a0<strong>\u00a0Curricular<\/strong><\/p>\n<p>\u25cf\u00a0\u00a0\u00a0\u00a0\u00a0<strong>\u00a0Trayectorias estudiantiles.<\/strong><\/p>\n<p>Est\u00e1 compuesto por un integrante del Equipo de Conducci\u00f3n del Establecimiento, por representantes del Claustro Docentes, del Claustro de No Docentes y del Claustro de Estudiantes.<\/p>\n<p>Sus <strong>funciones<\/strong> principales son: intervenir en cuestiones vinculadas a la organizaci\u00f3n institucional, presupuestaria &#8211; tratamiento de planta org\u00e1nico &#8211; funcional &#8211; gesti\u00f3n curricular, proyectos de articulaci\u00f3n, extensi\u00f3n e investigaci\u00f3n, concursos docentes, convivencia y trayectorias estudiantiles.<\/p>\n","protected":false},"excerpt":{"rendered":"<p>EL INSTITUTO: Consejo Acad\u00e9mico Institucional Volver \u0399 Integrantes \u0399 Convocatoria a Pruebas de Selecci\u00f3n de Cargos I El C. A. I. o\u00a0Consejo Acad\u00e9mico Institucional\u00a0es un \u00f3rgano colegiado ad honorem de asesoramiento, propuesta, debate y decisi\u00f3n con la finalidad de garantizar los principios que garantizan una gesti\u00f3n democr\u00e1tica. Es un espacio de reflexi\u00f3n y decisi\u00f3n de &#8230; <a title=\"Consejo Acad\u00e9mico\" class=\"read-more\" href=\"https:\/\/isfdyt25-bue.infd.edu.ar\/sitio\/consejo-academico-institucional\/\" aria-label=\"More on Consejo Acad\u00e9mico\">[+]<\/a><\/p>\n","protected":false},"author":2055,"featured_media":0,"parent":0,"menu_order":0,"comment_status":"closed","ping_status":"closed","template":"","meta":[],"acf":[],"_links":{"self":[{"href":"https:\/\/isfdyt25-bue.infd.edu.ar\/sitio\/wp-json\/wp\/v2\/pages\/1171"}],"collection":[{"href":"https:\/\/isfdyt25-bue.infd.edu.ar\/sitio\/wp-json\/wp\/v2\/pages"}],"about":[{"href":"https:\/\/isfdyt25-bue.infd.edu.ar\/sitio\/wp-json\/wp\/v2\/types\/page"}],"author":[{"embeddable":true,"href":"https:\/\/isfdyt25-bue.infd.edu.ar\/sitio\/wp-json\/wp\/v2\/users\/2055"}],"replies":[{"embeddable":true,"href":"https:\/\/isfdyt25-bue.infd.edu.ar\/sitio\/wp-json\/wp\/v2\/comments?post=1171"}],"version-history":[{"count":33,"href":"https:\/\/isfdyt25-bue.infd.edu.ar\/sitio\/wp-json\/wp\/v2\/pages\/1171\/revisions"}],"predecessor-version":[{"id":6247,"href":"https:\/\/isfdyt25-bue.infd.edu.ar\/sitio\/wp-json\/wp\/v2\/pages\/1171\/revisions\/6247"}],"wp:attachment":[{"href":"https:\/\/isfdyt25-bue.infd.edu.ar\/sitio\/wp-json\/wp\/v2\/media?parent=1171"}],"curies":[{"name":"wp","href":"https:\/\/api.w.org\/{rel}","templated":true}]}}